{"id":4388,"date":"2021-02-04T07:37:07","date_gmt":"2021-02-04T05:37:07","guid":{"rendered":"https:\/\/ccfi-nantes.org\/?page_id=4388"},"modified":"2021-02-04T11:09:24","modified_gmt":"2021-02-04T09:09:24","slug":"stage","status":"publish","type":"page","link":"https:\/\/sitetest.ccfi-nantes.org\/?page_id=4388","title":{"rendered":"Stages"},"content":{"rendered":"\t\t<div data-elementor-type=\"wp-page\" data-elementor-id=\"4388\" class=\"elementor elementor-4388\">\n\t\t\t\t\t\t\t\t\t<section class=\"elementor-section elementor-top-section elementor-element elementor-element-30a1020 elementor-section-boxed elementor-section-height-default elementor-section-height-default\" data-id=\"30a1020\" data-element_type=\"section\">\n\t\t\t\t\t\t<div class=\"elementor-container elementor-column-gap-default\">\n\t\t\t\t\t<div class=\"elementor-column elementor-col-100 elementor-top-column elementor-element elementor-element-7eb9b05\" data-id=\"7eb9b05\" data-element_type=\"column\">\n\t\t\t<div class=\"elementor-widget-wrap elementor-element-populated\">\n\t\t\t\t\t\t\t\t<div class=\"elementor-element elementor-element-47bce61 elementor-widget elementor-widget-text-editor\" data-id=\"47bce61\" data-element_type=\"widget\" data-widget_type=\"text-editor.default\">\n\t\t\t\t<div class=\"elementor-widget-container\">\n\t\t\t<style>\/*! elementor - v3.16.0 - 13-09-2023 *\/\n.elementor-widget-text-editor.elementor-drop-cap-view-stacked .elementor-drop-cap{background-color:#69727d;color:#fff}.elementor-widget-text-editor.elementor-drop-cap-view-framed .elementor-drop-cap{color:#69727d;border:3px solid;background-color:transparent}.elementor-widget-text-editor:not(.elementor-drop-cap-view-default) .elementor-drop-cap{margin-top:8px}.elementor-widget-text-editor:not(.elementor-drop-cap-view-default) .elementor-drop-cap-letter{width:1em;height:1em}.elementor-widget-text-editor .elementor-drop-cap{float:left;text-align:center;line-height:1;font-size:50px}.elementor-widget-text-editor .elementor-drop-cap-letter{display:inline-block}<\/style>\t\t\t\t\t\t\t\t\t\t<\/div>\n\t\t\t\t<\/div>\n\t\t\t\t<div class=\"elementor-element elementor-element-ba78193 elementor-widget elementor-widget-text-editor\" data-id=\"ba78193\" data-element_type=\"widget\" data-widget_type=\"text-editor.default\">\n\t\t\t\t<div class=\"elementor-widget-container\">\n\t\t\t\t\t\t\t<p>Chaque saison, nous vous proposons des stages d&rsquo;italien\u00a0 (d\u00e9couvertes ou consolidation de vos connaissances) dans une ambiance conviviale et d\u00e9tendue.<br \/><strong>Que vous soyez d\u00e9butant\u00a0 ou que vous ayez envie de r\u00e9viser les bases de l\u2019italien tout en vous exer\u00e7ant \u00e0 l\u2019ora<\/strong>l, le stage vous permettra d\u2019\u00e9voluer et de go\u00fbter \u00e0 la langue du Bel Paese.<\/p><p>Les stages sont assur\u00e9es par des enseignant.e.s de langue maternelle italienne, pour des petits groupes.<\/p><p>Le groupe (8 \u00e0 10 personnes) est con\u00e7u pour que chaque participant prenne la parole et dialogue avec les autres dans le cadre de diverses situations de la vie quotidienne (achats, nourriture, travail, sorties, loisirs).<\/p><p><strong>C\u2019est un cours qui laisse une place \u00e0 l\u2019impr\u00e9vu et \u00e0 la spontan\u00e9it\u00e9. Et c\u2019est bien pour cela qu\u2019il est si dynamisant et productif.<\/strong><\/p><p>Les stages sont assur\u00e9s en salle \u00e0 Europa Nantes et\/ou en visio-conf\u00e9rence.\u00a0<\/p><p>Le CCFI peut proposer des stages d&rsquo;immersion en Italie.<\/p>\t\t\t\t\t\t<\/div>\n\t\t\t\t<\/div>\n\t\t\t\t\t<\/div>\n\t\t<\/div>\n\t\t\t\t\t\t\t<\/div>\n\t\t<\/section>\n\t\t\t\t\t\t\t<\/div>\n\t\t","protected":false},"excerpt":{"rendered":"<p> [&#8230;]<\/p>\n","protected":false},"author":1,"featured_media":2016,"parent":0,"menu_order":0,"comment_status":"closed","ping_status":"closed","template":"","meta":{"footnotes":""},"class_list":["post-4388","page","type-page","status-publish","has-post-thumbnail","hentry"],"_links":{"self":[{"href":"https:\/\/sitetest.ccfi-nantes.org\/index.php?rest_route=\/wp\/v2\/pages\/4388","targetHints":{"allow":["GET"]}}],"collection":[{"href":"https:\/\/sitetest.ccfi-nantes.org\/index.php?rest_route=\/wp\/v2\/pages"}],"about":[{"href":"https:\/\/sitetest.ccfi-nantes.org\/index.php?rest_route=\/wp\/v2\/types\/page"}],"author":[{"embeddable":true,"href":"https:\/\/sitetest.ccfi-nantes.org\/index.php?rest_route=\/wp\/v2\/users\/1"}],"replies":[{"embeddable":true,"href":"https:\/\/sitetest.ccfi-nantes.org\/index.php?rest_route=%2Fwp%2Fv2%2Fcomments&post=4388"}],"version-history":[{"count":11,"href":"https:\/\/sitetest.ccfi-nantes.org\/index.php?rest_route=\/wp\/v2\/pages\/4388\/revisions"}],"predecessor-version":[{"id":4476,"href":"https:\/\/sitetest.ccfi-nantes.org\/index.php?rest_route=\/wp\/v2\/pages\/4388\/revisions\/4476"}],"wp:featuredmedia":[{"embeddable":true,"href":"https:\/\/sitetest.ccfi-nantes.org\/index.php?rest_route=\/wp\/v2\/media\/2016"}],"wp:attachment":[{"href":"https:\/\/sitetest.ccfi-nantes.org\/index.php?rest_route=%2Fwp%2Fv2%2Fmedia&parent=4388"}],"curies":[{"name":"wp","href":"https:\/\/api.w.org\/{rel}","templated":true}]}}