{"id":7380,"date":"2021-09-05T14:07:30","date_gmt":"2021-09-05T12:07:30","guid":{"rendered":"https:\/\/ccfi-nantes.org\/?page_id=7380"},"modified":"2023-12-22T15:54:43","modified_gmt":"2023-12-22T13:54:43","slug":"sabati-in-campagnia","status":"publish","type":"page","link":"https:\/\/sitetest.ccfi-nantes.org\/?page_id=7380","title":{"rendered":"Sabati in Compagnia"},"content":{"rendered":"\t\t<div data-elementor-type=\"wp-page\" data-elementor-id=\"7380\" class=\"elementor elementor-7380\">\n\t\t\t\t\t\t\t\t\t<section class=\"elementor-section elementor-top-section elementor-element elementor-element-44fe658 elementor-section-boxed elementor-section-height-default elementor-section-height-default\" data-id=\"44fe658\" data-element_type=\"section\">\n\t\t\t\t\t\t<div class=\"elementor-container elementor-column-gap-default\">\n\t\t\t\t\t<div class=\"elementor-column elementor-col-100 elementor-top-column elementor-element elementor-element-2603d18\" data-id=\"2603d18\" data-element_type=\"column\">\n\t\t\t<div class=\"elementor-widget-wrap elementor-element-populated\">\n\t\t\t\t\t\t\t\t<div class=\"elementor-element elementor-element-20ee690 elementor-widget elementor-widget-text-editor\" data-id=\"20ee690\" data-element_type=\"widget\" data-widget_type=\"text-editor.default\">\n\t\t\t\t<div class=\"elementor-widget-container\">\n\t\t\t<style>\/*! elementor - v3.16.0 - 13-09-2023 *\/\n.elementor-widget-text-editor.elementor-drop-cap-view-stacked .elementor-drop-cap{background-color:#69727d;color:#fff}.elementor-widget-text-editor.elementor-drop-cap-view-framed .elementor-drop-cap{color:#69727d;border:3px solid;background-color:transparent}.elementor-widget-text-editor:not(.elementor-drop-cap-view-default) .elementor-drop-cap{margin-top:8px}.elementor-widget-text-editor:not(.elementor-drop-cap-view-default) .elementor-drop-cap-letter{width:1em;height:1em}.elementor-widget-text-editor .elementor-drop-cap{float:left;text-align:center;line-height:1;font-size:50px}.elementor-widget-text-editor .elementor-drop-cap-letter{display:inline-block}<\/style>\t\t\t\t<h3 style=\"text-align: center;\"><span style=\"color: #ff0000;\"><strong>Saison 2023-2024<\/strong><\/span><\/h3><p><span style=\"color: #0000ff;\">Le samedi, une fois par mois,\u00a0<strong>Gemma Rogato<\/strong>,\u00a0<\/span>dans une ambiance conviviale, vous propose de\u00a0<span style=\"color: #0000ff;\">pratiquer<\/span>, <span style=\"color: #0000ff;\">am\u00e9liorer votre italien \u00e0 travers des ateliers vari\u00e9s<\/span>\u00a0:<\/p><ul><li><span style=\"color: #0000ff;\">lecture<\/span>\u00a0:\u00a0 \u00e0 partir du niveau B1 \u00e0 B2<\/li><li><span style=\"color: var( --e-global-color-text );\"><span style=\"color: #0000ff;\">conversation<\/span> : <span style=\"color: #993300;\"><strong>niveau B1<\/strong><\/span><\/span><\/li><\/ul><p><span style=\"color: var( --e-global-color-text );\">En petit groupe de 8 \u00e0 12 maxi<\/span><\/p><p><strong><span style=\"color: #993300;\">S\u00e9ance de 3h00<\/span><\/strong><\/p><p><strong><span style=\"color: #993300;\">Tarif<\/span> <\/strong>250 Euro<\/p>\t\t\t\t\t\t<\/div>\n\t\t\t\t<\/div>\n\t\t\t\t\t<\/div>\n\t\t<\/div>\n\t\t\t\t\t\t\t<\/div>\n\t\t<\/section>\n\t\t\t\t<section class=\"elementor-section elementor-top-section elementor-element elementor-element-c551aab elementor-section-boxed elementor-section-height-default elementor-section-height-default\" data-id=\"c551aab\" data-element_type=\"section\">\n\t\t\t\t\t\t<div class=\"elementor-container elementor-column-gap-default\">\n\t\t\t\t\t<div class=\"elementor-column elementor-col-100 elementor-top-column elementor-element elementor-element-7695edc\" data-id=\"7695edc\" data-element_type=\"column\">\n\t\t\t<div class=\"elementor-widget-wrap elementor-element-populated\">\n\t\t\t\t\t\t\t\t<div class=\"elementor-element elementor-element-8cce047 elementor-widget elementor-widget-image\" data-id=\"8cce047\" data-element_type=\"widget\" data-widget_type=\"image.default\">\n\t\t\t\t<div class=\"elementor-widget-container\">\n\t\t\t<style>\/*! elementor - v3.16.0 - 13-09-2023 *\/\n.elementor-widget-image{text-align:center}.elementor-widget-image a{display:inline-block}.elementor-widget-image a img[src$=\".svg\"]{width:48px}.elementor-widget-image img{vertical-align:middle;display:inline-block}<\/style>\t\t\t\t\t\t\t\t\t\t\t\t<img loading=\"lazy\" decoding=\"async\" width=\"860\" height=\"426\" src=\"https:\/\/sitetest.ccfi-nantes.org\/wp-content\/uploads\/2023\/09\/3.-FI-23-24-AT-SABATI-V1-pdf-1.jpg\" class=\"attachment-large size-large wp-image-17991\" alt=\"\" srcset=\"https:\/\/sitetest.ccfi-nantes.org\/wp-content\/uploads\/2023\/09\/3.-FI-23-24-AT-SABATI-V1-pdf-1.jpg 965w, https:\/\/sitetest.ccfi-nantes.org\/wp-content\/uploads\/2023\/09\/3.-FI-23-24-AT-SABATI-V1-pdf-1-459x227.jpg 459w, https:\/\/sitetest.ccfi-nantes.org\/wp-content\/uploads\/2023\/09\/3.-FI-23-24-AT-SABATI-V1-pdf-1-250x124.jpg 250w, https:\/\/sitetest.ccfi-nantes.org\/wp-content\/uploads\/2023\/09\/3.-FI-23-24-AT-SABATI-V1-pdf-1-768x380.jpg 768w\" sizes=\"auto, (max-width: 860px) 100vw, 860px\" \/>\t\t\t\t\t\t\t\t\t\t\t\t\t\t\t<\/div>\n\t\t\t\t<\/div>\n\t\t\t\t<div class=\"elementor-element elementor-element-1349efc elementor-widget-divider--view-line elementor-widget elementor-widget-divider\" data-id=\"1349efc\" data-element_type=\"widget\" data-widget_type=\"divider.default\">\n\t\t\t\t<div class=\"elementor-widget-container\">\n\t\t\t<style>\/*! elementor - v3.16.0 - 13-09-2023 *\/\n.elementor-widget-divider{--divider-border-style:none;--divider-border-width:1px;--divider-color:#0c0d0e;--divider-icon-size:20px;--divider-element-spacing:10px;--divider-pattern-height:24px;--divider-pattern-size:20px;--divider-pattern-url:none;--divider-pattern-repeat:repeat-x}.elementor-widget-divider .elementor-divider{display:flex}.elementor-widget-divider .elementor-divider__text{font-size:15px;line-height:1;max-width:95%}.elementor-widget-divider .elementor-divider__element{margin:0 var(--divider-element-spacing);flex-shrink:0}.elementor-widget-divider .elementor-icon{font-size:var(--divider-icon-size)}.elementor-widget-divider .elementor-divider-separator{display:flex;margin:0;direction:ltr}.elementor-widget-divider--view-line_icon .elementor-divider-separator,.elementor-widget-divider--view-line_text .elementor-divider-separator{align-items:center}.elementor-widget-divider--view-line_icon .elementor-divider-separator:after,.elementor-widget-divider--view-line_icon .elementor-divider-separator:before,.elementor-widget-divider--view-line_text .elementor-divider-separator:after,.elementor-widget-divider--view-line_text .elementor-divider-separator:before{display:block;content:\"\";border-bottom:0;flex-grow:1;border-top:var(--divider-border-width) var(--divider-border-style) var(--divider-color)}.elementor-widget-divider--element-align-left .elementor-divider .elementor-divider-separator>.elementor-divider__svg:first-of-type{flex-grow:0;flex-shrink:100}.elementor-widget-divider--element-align-left .elementor-divider-separator:before{content:none}.elementor-widget-divider--element-align-left .elementor-divider__element{margin-left:0}.elementor-widget-divider--element-align-right .elementor-divider .elementor-divider-separator>.elementor-divider__svg:last-of-type{flex-grow:0;flex-shrink:100}.elementor-widget-divider--element-align-right .elementor-divider-separator:after{content:none}.elementor-widget-divider--element-align-right .elementor-divider__element{margin-right:0}.elementor-widget-divider:not(.elementor-widget-divider--view-line_text):not(.elementor-widget-divider--view-line_icon) .elementor-divider-separator{border-top:var(--divider-border-width) var(--divider-border-style) var(--divider-color)}.elementor-widget-divider--separator-type-pattern{--divider-border-style:none}.elementor-widget-divider--separator-type-pattern.elementor-widget-divider--view-line .elementor-divider-separator,.elementor-widget-divider--separator-type-pattern:not(.elementor-widget-divider--view-line) .elementor-divider-separator:after,.elementor-widget-divider--separator-type-pattern:not(.elementor-widget-divider--view-line) .elementor-divider-separator:before,.elementor-widget-divider--separator-type-pattern:not([class*=elementor-widget-divider--view]) .elementor-divider-separator{width:100%;min-height:var(--divider-pattern-height);-webkit-mask-size:var(--divider-pattern-size) 100%;mask-size:var(--divider-pattern-size) 100%;-webkit-mask-repeat:var(--divider-pattern-repeat);mask-repeat:var(--divider-pattern-repeat);background-color:var(--divider-color);-webkit-mask-image:var(--divider-pattern-url);mask-image:var(--divider-pattern-url)}.elementor-widget-divider--no-spacing{--divider-pattern-size:auto}.elementor-widget-divider--bg-round{--divider-pattern-repeat:round}.rtl .elementor-widget-divider .elementor-divider__text{direction:rtl}.e-con-inner>.elementor-widget-divider,.e-con>.elementor-widget-divider{width:var(--container-widget-width,100%);--flex-grow:var(--container-widget-flex-grow)}<\/style>\t\t<div class=\"elementor-divider\">\n\t\t\t<span class=\"elementor-divider-separator\">\n\t\t\t\t\t\t<\/span>\n\t\t<\/div>\n\t\t\t\t<\/div>\n\t\t\t\t<\/div>\n\t\t\t\t\t<\/div>\n\t\t<\/div>\n\t\t\t\t\t\t\t<\/div>\n\t\t<\/section>\n\t\t\t\t<section class=\"elementor-section elementor-top-section elementor-element elementor-element-553b59a elementor-section-boxed elementor-section-height-default elementor-section-height-default\" data-id=\"553b59a\" data-element_type=\"section\">\n\t\t\t\t\t\t<div class=\"elementor-container elementor-column-gap-default\">\n\t\t\t\t\t<div class=\"elementor-column elementor-col-100 elementor-top-column elementor-element elementor-element-dbdc59f\" data-id=\"dbdc59f\" data-element_type=\"column\">\n\t\t\t<div class=\"elementor-widget-wrap elementor-element-populated\">\n\t\t\t\t\t\t\t\t<div class=\"elementor-element elementor-element-bad640c elementor-widget elementor-widget-text-editor\" data-id=\"bad640c\" data-element_type=\"widget\" data-widget_type=\"text-editor.default\">\n\t\t\t\t<div class=\"elementor-widget-container\">\n\t\t\t\t\t\t\t<p>Un atelier en matin\u00e9e qui permettra aux participants, au travers de jeux de r\u00f4le, de mise en situation de conversation courante, d\u2019apprendre des autres, d\u00e9couvrir la culture italienne, bavarder, exprimer leur avis dans une ambiance conviviale, sur un th\u00e8me s\u2019inscrivant dans la vie quotidienne.<\/p><p><span style=\"color: #993300;\"><strong>A partir du niveau A2<\/strong><\/span><br \/><span style=\"color: #993300;\"><strong>Date :<\/strong>\u00a0<\/span>Samedi 27 janvier<br \/><span style=\"color: #993300;\"><strong>Horaires :<\/strong><\/span>\u00a09h00-12h00<br \/><span style=\"color: #993300;\"><strong>Lieu :\u00a0Europa Nantes<\/strong><strong>\u00a0<\/strong><\/span>&#8211; 90, bd de la Prairie au Duc\u00a0<br \/>\u00a0 \u00a0 \u00a0 \u00a0 \u00a0 (Ligne 5 &#8211; arr\u00eat Quai des Antilles)<br \/><span style=\"color: #993300;\"><strong>Tarif :<\/strong><\/span>\u00a035\u00a0\u20ac<br \/>Adh\u00e9sion au CCFI (tarif 20 \u20ac)<\/p><p>Pour se pr\u00e9inscrire et recevoir les modalit\u00e9s, contacter le secr\u00e9tariat :\u00a0<strong><a href=\"mailto:ccfinantes44@gmail.com\" target=\"_blank\" rel=\"noopener\">ccfinantes44@gmail.com<\/a>\u00a0<\/strong><\/p>\t\t\t\t\t\t<\/div>\n\t\t\t\t<\/div>\n\t\t\t\t\t<\/div>\n\t\t<\/div>\n\t\t\t\t\t\t\t<\/div>\n\t\t<\/section>\n\t\t\t\t<section class=\"elementor-section elementor-top-section elementor-element elementor-element-1de527c elementor-section-boxed elementor-section-height-default elementor-section-height-default\" data-id=\"1de527c\" data-element_type=\"section\">\n\t\t\t\t\t\t<div class=\"elementor-container elementor-column-gap-default\">\n\t\t\t\t\t<div class=\"elementor-column elementor-col-100 elementor-top-column elementor-element elementor-element-8d63126\" data-id=\"8d63126\" data-element_type=\"column\">\n\t\t\t<div class=\"elementor-widget-wrap elementor-element-populated\">\n\t\t\t\t\t\t\t\t<div class=\"elementor-element elementor-element-897edac elementor-widget elementor-widget-image\" data-id=\"897edac\" data-element_type=\"widget\" data-widget_type=\"image.default\">\n\t\t\t\t<div class=\"elementor-widget-container\">\n\t\t\t\t\t\t\t\t\t\t\t\t\t\t\t<img loading=\"lazy\" decoding=\"async\" width=\"860\" height=\"138\" src=\"https:\/\/sitetest.ccfi-nantes.org\/wp-content\/uploads\/2023\/12\/Atelier-conversation-1024x164.jpg\" class=\"attachment-large size-large wp-image-18552\" alt=\"\" srcset=\"https:\/\/sitetest.ccfi-nantes.org\/wp-content\/uploads\/2023\/12\/Atelier-conversation-1024x164.jpg 1024w, https:\/\/sitetest.ccfi-nantes.org\/wp-content\/uploads\/2023\/12\/Atelier-conversation-459x73.jpg 459w, https:\/\/sitetest.ccfi-nantes.org\/wp-content\/uploads\/2023\/12\/Atelier-conversation-250x40.jpg 250w, https:\/\/sitetest.ccfi-nantes.org\/wp-content\/uploads\/2023\/12\/Atelier-conversation-768x123.jpg 768w, https:\/\/sitetest.ccfi-nantes.org\/wp-content\/uploads\/2023\/12\/Atelier-conversation.jpg 1225w\" sizes=\"auto, (max-width: 860px) 100vw, 860px\" \/>\t\t\t\t\t\t\t\t\t\t\t\t\t\t\t<\/div>\n\t\t\t\t<\/div>\n\t\t\t\t\t<\/div>\n\t\t<\/div>\n\t\t\t\t\t\t\t<\/div>\n\t\t<\/section>\n\t\t\t\t<section class=\"elementor-section elementor-top-section elementor-element elementor-element-65fdb8d elementor-section-boxed elementor-section-height-default elementor-section-height-default\" data-id=\"65fdb8d\" data-element_type=\"section\">\n\t\t\t\t\t\t<div class=\"elementor-container elementor-column-gap-default\">\n\t\t\t\t\t<div class=\"elementor-column elementor-col-100 elementor-top-column elementor-element elementor-element-7caa06a\" data-id=\"7caa06a\" data-element_type=\"column\">\n\t\t\t<div class=\"elementor-widget-wrap\">\n\t\t\t\t\t\t\t\t\t<\/div>\n\t\t<\/div>\n\t\t\t\t\t\t\t<\/div>\n\t\t<\/section>\n\t\t\t\t\t\t\t<\/div>\n\t\t","protected":false},"excerpt":{"rendered":"<p> [&#8230;]<\/p>\n","protected":false},"author":1,"featured_media":0,"parent":0,"menu_order":0,"comment_status":"closed","ping_status":"closed","template":"","meta":{"footnotes":""},"class_list":["post-7380","page","type-page","status-publish","hentry"],"_links":{"self":[{"href":"https:\/\/sitetest.ccfi-nantes.org\/index.php?rest_route=\/wp\/v2\/pages\/7380","targetHints":{"allow":["GET"]}}],"collection":[{"href":"https:\/\/sitetest.ccfi-nantes.org\/index.php?rest_route=\/wp\/v2\/pages"}],"about":[{"href":"https:\/\/sitetest.ccfi-nantes.org\/index.php?rest_route=\/wp\/v2\/types\/page"}],"author":[{"embeddable":true,"href":"https:\/\/sitetest.ccfi-nantes.org\/index.php?rest_route=\/wp\/v2\/users\/1"}],"replies":[{"embeddable":true,"href":"https:\/\/sitetest.ccfi-nantes.org\/index.php?rest_route=%2Fwp%2Fv2%2Fcomments&post=7380"}],"version-history":[{"count":188,"href":"https:\/\/sitetest.ccfi-nantes.org\/index.php?rest_route=\/wp\/v2\/pages\/7380\/revisions"}],"predecessor-version":[{"id":18558,"href":"https:\/\/sitetest.ccfi-nantes.org\/index.php?rest_route=\/wp\/v2\/pages\/7380\/revisions\/18558"}],"wp:attachment":[{"href":"https:\/\/sitetest.ccfi-nantes.org\/index.php?rest_route=%2Fwp%2Fv2%2Fmedia&parent=7380"}],"curies":[{"name":"wp","href":"https:\/\/api.w.org\/{rel}","templated":true}]}}