{"id":864,"date":"2019-09-04T19:24:12","date_gmt":"2019-09-04T17:24:12","guid":{"rendered":"https:\/\/ccfi-nantes.org\/?page_id=864"},"modified":"2021-10-26T07:21:44","modified_gmt":"2021-10-26T05:21:44","slug":"mentions-legales-2","status":"publish","type":"page","link":"https:\/\/sitetest.ccfi-nantes.org\/?page_id=864","title":{"rendered":"Mentions l\u00e9gales"},"content":{"rendered":"\t\t<div data-elementor-type=\"wp-post\" data-elementor-id=\"864\" class=\"elementor elementor-864\">\n\t\t\t\t\t\t\t\t\t<section class=\"elementor-section elementor-top-section elementor-element elementor-element-eabdb9d elementor-section-boxed elementor-section-height-default elementor-section-height-default\" data-id=\"eabdb9d\" data-element_type=\"section\">\n\t\t\t\t\t\t<div class=\"elementor-container elementor-column-gap-default\">\n\t\t\t\t\t<div class=\"elementor-column elementor-col-100 elementor-top-column elementor-element elementor-element-c2fe739\" data-id=\"c2fe739\" data-element_type=\"column\">\n\t\t\t<div class=\"elementor-widget-wrap elementor-element-populated\">\n\t\t\t\t\t\t\t\t<div class=\"elementor-element elementor-element-e0ddcdb elementor-widget elementor-widget-heading\" data-id=\"e0ddcdb\" data-element_type=\"widget\" data-widget_type=\"heading.default\">\n\t\t\t\t<div class=\"elementor-widget-container\">\n\t\t\t<style>\/*! elementor - v3.16.0 - 13-09-2023 *\/\n.elementor-heading-title{padding:0;margin:0;line-height:1}.elementor-widget-heading .elementor-heading-title[class*=elementor-size-]>a{color:inherit;font-size:inherit;line-height:inherit}.elementor-widget-heading .elementor-heading-title.elementor-size-small{font-size:15px}.elementor-widget-heading .elementor-heading-title.elementor-size-medium{font-size:19px}.elementor-widget-heading .elementor-heading-title.elementor-size-large{font-size:29px}.elementor-widget-heading .elementor-heading-title.elementor-size-xl{font-size:39px}.elementor-widget-heading .elementor-heading-title.elementor-size-xxl{font-size:59px}<\/style><h4 class=\"elementor-heading-title elementor-size-default\">De\u0301charge de garantie et de responsabilite\u0301<\/h4>\t\t<\/div>\n\t\t\t\t<\/div>\n\t\t\t\t<div class=\"elementor-element elementor-element-4b0620c elementor-widget elementor-widget-text-editor\" data-id=\"4b0620c\" data-element_type=\"widget\" data-widget_type=\"text-editor.default\">\n\t\t\t\t<div class=\"elementor-widget-container\">\n\t\t\t<style>\/*! elementor - v3.16.0 - 13-09-2023 *\/\n.elementor-widget-text-editor.elementor-drop-cap-view-stacked .elementor-drop-cap{background-color:#69727d;color:#fff}.elementor-widget-text-editor.elementor-drop-cap-view-framed .elementor-drop-cap{color:#69727d;border:3px solid;background-color:transparent}.elementor-widget-text-editor:not(.elementor-drop-cap-view-default) .elementor-drop-cap{margin-top:8px}.elementor-widget-text-editor:not(.elementor-drop-cap-view-default) .elementor-drop-cap-letter{width:1em;height:1em}.elementor-widget-text-editor .elementor-drop-cap{float:left;text-align:center;line-height:1;font-size:50px}.elementor-widget-text-editor .elementor-drop-cap-letter{display:inline-block}<\/style>\t\t\t\t<div align=\"left\">Le pre\u0301sent site Internet : <strong><a href=\"https:\/\/www.ccfi-nantes.org\">https:\/\/www.ccfi-nantes.org<\/a>\u00a0 <\/strong>est la proprie\u0301te\u0301 du Centre Culturel Franco-Italien,<\/div><div style=\"padding-left: 40px;\" align=\"left\">90, boulevard de la Prairie au Duc<\/div><div style=\"padding-left: 40px;\" align=\"left\">T\u00e9l : 02 40 35 83 20.<\/div><div style=\"padding-left: 40px;\" align=\"left\">E-mail :\u00a0<a href=\"mailto:ccfinantes44@gmail.com\">ccfinantes44@gmail.com<\/a><\/div><div align=\"left\">Le Centre Culturel Franco Italien (CCFI)\u00a0 est une association loi 1901 &#8211; est soutenue par la Ville de Nantes, est agr\u00e9\u00e9e par le Minist\u00e8re de la Jeunesse et de l&rsquo;Education Populaire. Elle est membre du Centre Culturel Europ\u00e9en, et de la Maison de l\u2019Europe.<\/div><div>\u00a0<\/div><div align=\"left\">Direction de la publication : assur\u00e9e par le(a) Pr\u00e9sident(e) du CCFI (en cas de vacance par la Pr\u00e9sidence coll\u00e9giale constitu\u00e9e du\u00a0 Bureau de l\u2019Association) :\u00a0<span style=\"text-decoration: underline;\"><span style=\"color: #0000ff;\"><a style=\"color: #0000ff; text-decoration: underline;\" href=\"https:\/\/ccfi-nantes.org\/?page_id=5731\" target=\"_blank\" rel=\"noopener\">cliquez ici pour conna\u00eetre l&rsquo;Equipe du CCFI<\/a><\/span><\/span><\/div><div>\u00a0<\/div><div align=\"left\">H\u00e9bergeur :<\/div><div style=\"padding-left: 40px;\" align=\"left\">OVH<\/div><div style=\"padding-left: 40px;\" align=\"left\">SAS au capital de 10 069 020 \u20ac<\/div><div style=\"padding-left: 40px;\" align=\"left\">RCS Lille M\u00e9tropole 424 761 419 00045<\/div><div style=\"padding-left: 40px;\" align=\"left\">Code APE 2620Z<\/div><div style=\"padding-left: 40px;\" align=\"left\">N\u00b0 TVA : FR 22 424 761 419<\/div><div style=\"padding-left: 40px;\" align=\"left\">Si\u00e8ge social : 2 rue Kellermann &#8211; 59100 Roubaix &#8211; France.<\/div><div style=\"padding-left: 40px;\" align=\"left\">Directeur de la publication : Octave KLABA<\/div><div style=\"padding-left: 40px;\">\u00a0<\/div><div align=\"left\">La reproduction et l\u2019utilisation de tous documents, informations et e\u0301le\u0301ments diffuse\u0301s sur ce site sont autorise\u0301es exclusivement a\u0300 des fins strictement prive\u0301es et personnelles et moyennant mention de la source.<\/div><div align=\"left\">L\u2019utilisation des informations et \/ou e\u0301le\u0301ments contenus dans ce site sont de l\u2019entie\u0300re et seule responsabilite\u0301 de son utilisateur.<\/div><div>\u00a0<\/div><div align=\"left\">Le Centre Culturel Franco-Italien de\u0301cline toute responsabilite\u0301 pour tous dommages de quelque nature qu\u2019ils soient, directs ou indirects et ce sans limitation, dus a\u0300 l\u2019acce\u0300s ou a\u0300 l\u2019impossibilite\u0301 d\u2019acce\u0300s au site et a\u0300 l\u2019utilisation des e\u0301le\u0301ments et\/ou informations contenus dans le site.<\/div><div align=\"left\">Ce site est susceptible de modifications et\/ou d\u2019e\u0301volutions a\u0300 tout moment et ce sans pre\u0301avis et le Centre Culturel Franco-Italien ne garantit en aucune manie\u0300re l\u2019acce\u0300s ininterrompu a\u0300 ce site, la se\u0301curite\u0301 du site et l\u2019absence de virus ou autres.<\/div><div align=\"left\">Le Centre Culturel franco-italien se r\u00e9serve le droit d&rsquo;effectuer l&rsquo;une des actions suivantes \u00e0 tout moment et sans pr\u00e9avis :<\/div><div style=\"padding-left: 40px;\" align=\"left\">(1) modifier, suspendre ou bloquer le fonctionnement ou l&rsquo;acc\u00e8s \u00e0 tout ou partie du Site, pour quelque motif que ce soit ;<\/div><div style=\"padding-left: 40px;\" align=\"left\">(2) modifier tout ou partie du Site et toutes r\u00e8gles ou conditions applicables ;<\/div><div style=\"padding-left: 40px;\" align=\"left\">(3) interrompre le fonctionnement de tout ou partie du site, \u00e0 des fins de maintenance p\u00e9riodique ou non, de correction d&rsquo;erreurs ou de modifications<\/div>\t\t\t\t\t\t<\/div>\n\t\t\t\t<\/div>\n\t\t\t\t<div class=\"elementor-element elementor-element-7e7a253 elementor-widget elementor-widget-heading\" data-id=\"7e7a253\" data-element_type=\"widget\" data-widget_type=\"heading.default\">\n\t\t\t\t<div class=\"elementor-widget-container\">\n\t\t\t<h4 class=\"elementor-heading-title elementor-size-default\">Informations personnelles<\/h4>\t\t<\/div>\n\t\t\t\t<\/div>\n\t\t\t\t<div class=\"elementor-element elementor-element-4a1e2fb elementor-widget elementor-widget-text-editor\" data-id=\"4a1e2fb\" data-element_type=\"widget\" data-widget_type=\"text-editor.default\">\n\t\t\t\t<div class=\"elementor-widget-container\">\n\t\t\t\t\t\t\t<div align=\"left\">Des informations personnelles se limitant a\u0300 identifier une personne, le plus souvent nom, pre\u0301nom, adresse, nume\u0301ro de te\u0301le\u0301phone et adresse e\u0301lectronique et provenant des visiteurs du site, peuvent e\u0302tre collecte\u0301es, au moyen de questionnaires ou formulaires figurants sur le site, par le Centre Culturel Franco-Italien.<\/div><div align=\"left\">Sont conside\u0301re\u0301es comme non confidentielles les informations personnelles que vous pourriez adresser via le site ou la messagerie e\u0301lectronique.<\/div><div>\u00a0<\/div>\t\t\t\t\t\t<\/div>\n\t\t\t\t<\/div>\n\t\t\t\t<div class=\"elementor-element elementor-element-abba81e elementor-widget elementor-widget-heading\" data-id=\"abba81e\" data-element_type=\"widget\" data-widget_type=\"heading.default\">\n\t\t\t\t<div class=\"elementor-widget-container\">\n\t\t\t<h4 class=\"elementor-heading-title elementor-size-default\">Liens vers d'autres sites et vers le site du Centre Culturel Franco-Italien<\/h4>\t\t<\/div>\n\t\t\t\t<\/div>\n\t\t\t\t<div class=\"elementor-element elementor-element-3a1f2b1 elementor-widget elementor-widget-text-editor\" data-id=\"3a1f2b1\" data-element_type=\"widget\" data-widget_type=\"text-editor.default\">\n\t\t\t\t<div class=\"elementor-widget-container\">\n\t\t\t\t\t\t\t<div align=\"left\">\u00a0<\/div><div align=\"left\">Ce Site peut contenir des liens vers d&rsquo;autres sites web tiers ind\u00e9pendants (les \u00ab Sites li\u00e9s \u00bb). Ces Sites li\u00e9s sont indiqu\u00e9s uniquement \u00e0 titre de commodit\u00e9 pour nos visiteurs. Ces Sites li\u00e9s ne sont pas sous le contr\u00f4le du Centre Culturel franco-italien,<\/div><div align=\"left\">et le Centre Culturel franco-italien n&rsquo;est pas responsable et n&rsquo;avalise pas le contenu de ces Sites li\u00e9s, y compris des informations qui y sont publi\u00e9es. Vous devrez vous faire votre propre jugement concernant vos interactions avec ces Sites li\u00e9s.<\/div><div>\u00a0<\/div>\t\t\t\t\t\t<\/div>\n\t\t\t\t<\/div>\n\t\t\t\t<div class=\"elementor-element elementor-element-d7a2eaa elementor-widget elementor-widget-text-editor\" data-id=\"d7a2eaa\" data-element_type=\"widget\" data-widget_type=\"text-editor.default\">\n\t\t\t\t<div class=\"elementor-widget-container\">\n\t\t\t\t\t\t\t\t\t\t\t\t\t<\/div>\n\t\t\t\t<\/div>\n\t\t\t\t<div class=\"elementor-element elementor-element-4a60376 elementor-widget elementor-widget-heading\" data-id=\"4a60376\" data-element_type=\"widget\" data-widget_type=\"heading.default\">\n\t\t\t\t<div class=\"elementor-widget-container\">\n\t\t\t<h4 class=\"elementor-heading-title elementor-size-default\">Webmaster<\/h4>\t\t<\/div>\n\t\t\t\t<\/div>\n\t\t\t\t<div class=\"elementor-element elementor-element-a5fdcd8 elementor-widget elementor-widget-text-editor\" data-id=\"a5fdcd8\" data-element_type=\"widget\" data-widget_type=\"text-editor.default\">\n\t\t\t\t<div class=\"elementor-widget-container\">\n\t\t\t\t\t\t\t<p><span style=\"font-size: 0.95em;\">Site re\u0301alise\u0301 avec WordPress, par et sous la responsabilit\u00e9 de la Commission Communication du Centre Culturel franco-italien.<\/span><\/p>\t\t\t\t\t\t<\/div>\n\t\t\t\t<\/div>\n\t\t\t\t\t<\/div>\n\t\t<\/div>\n\t\t\t\t\t\t\t<\/div>\n\t\t<\/section>\n\t\t\t\t\t\t\t<\/div>\n\t\t","protected":false},"excerpt":{"rendered":"<p> [&#8230;]<\/p>\n","protected":false},"author":11,"featured_media":0,"parent":0,"menu_order":0,"comment_status":"closed","ping_status":"closed","template":"","meta":{"footnotes":""},"class_list":["post-864","page","type-page","status-publish","hentry"],"_links":{"self":[{"href":"https:\/\/sitetest.ccfi-nantes.org\/index.php?rest_route=\/wp\/v2\/pages\/864","targetHints":{"allow":["GET"]}}],"collection":[{"href":"https:\/\/sitetest.ccfi-nantes.org\/index.php?rest_route=\/wp\/v2\/pages"}],"about":[{"href":"https:\/\/sitetest.ccfi-nantes.org\/index.php?rest_route=\/wp\/v2\/types\/page"}],"author":[{"embeddable":true,"href":"https:\/\/sitetest.ccfi-nantes.org\/index.php?rest_route=\/wp\/v2\/users\/11"}],"replies":[{"embeddable":true,"href":"https:\/\/sitetest.ccfi-nantes.org\/index.php?rest_route=%2Fwp%2Fv2%2Fcomments&post=864"}],"version-history":[{"count":21,"href":"https:\/\/sitetest.ccfi-nantes.org\/index.php?rest_route=\/wp\/v2\/pages\/864\/revisions"}],"predecessor-version":[{"id":8375,"href":"https:\/\/sitetest.ccfi-nantes.org\/index.php?rest_route=\/wp\/v2\/pages\/864\/revisions\/8375"}],"wp:attachment":[{"href":"https:\/\/sitetest.ccfi-nantes.org\/index.php?rest_route=%2Fwp%2Fv2%2Fmedia&parent=864"}],"curies":[{"name":"wp","href":"https:\/\/api.w.org\/{rel}","templated":true}]}}